 the prime factors of q(m).
2
Let j(s) = 14*s + 4. What are the prime factors of j(6)?
2, 11
Suppose -y = -3*y + 10, 3*p + 2*y - 445 = 0. Let m(a) = -a - 23. Let s be m(-27). List the prime factors of -24*(p/(-20) + s).
2, 3, 13
Let x(r) = -137*r + 425. List the prime factors of x(-18).
7, 59
Let a(y) = -y**2 - 7*y - 5. Let h be 17/(-4) - (-2)/8. What are the prime factors of a(h)?
7
List the prime factors of (-1950)/(-2) - (0 - -3).
2, 3
Let a = 18 + -15. Let z be -2 + (5 - 2)/a. What are the prime factors of z + (-3 - -34) - 2?
2, 7
Suppose 3*o = o + 118. Suppose 5*v - 4*s = v + 224, -v = -4*s - o. List the prime factors of v.
5, 11
Suppose c = 2*c - 2*n - 325, c - 325 = 5*n. What are the prime factors of c?
5, 13
List the prime factors of (-35761)/(-99) - (3 - 25/9).
19
Let f be (-15)/(60/25 + -3). Suppose f = -7*s + 879. What are the prime factors of s?
2, 61
Suppose 3*q + 80 = 89. Let v = 220 + q. What are the prime factors of v?
223
List the prime factors of (-272 - -337)*(23*2 + -1).
3, 5, 13
Let c(s) = 53*s + 3. What are the prime factors of c(12)?
3, 71
Let v = -2326 + 3545. List the prime factors of v.
23, 53
Let u(c) = -26*c + 317. What are the prime factors of u(-13)?
5, 131
Suppose 6*l - 585 = 789. What are the prime factors of l?
229
Suppose 4*h - 1085 = -5*a + 3*h, -5 = -h. List the prime factors of a.
2, 3
Let i(g) = 10*g - 3. Suppose 2*b = 7*b - 25. List the prime factors of i(b).
47
Let x(p) = 5*p + 72. Let z be x(-15). List the prime factors of 12*((-132)/(-9) + z)*1.
2, 5, 7
Suppose f - 16 = -2. Suppose -4*d + 5*c = -625, -f + 322 = 2*d + 2*c. What are the prime factors of d?
5, 31
Suppose -4*m - 12 = -4*j, 2*m - m = 4*j - 18. Suppose -5*k + o + 195 = 0, -j*o - 87 = -4*k + 48. List the prime factors of k.
2, 5
Let f(g) = 4*g + 22. Let n be f(-2). Suppose n*a - 678 = 11*a. List the prime factors of a.
2, 113
Let z be (-3)/(-8) - (-6376)/64. Suppose c + z = 5*c. List the prime factors of c.
5
Let h(l) = l + 16. Let g be 8/(-20) + (-252)/20. What are the prime factors of h(g)?
3
Let d(n) = 6*n**2 + 72*n + 36. What are the prime factors of d(-18)?
2, 3, 19
Suppose 0 = -181*s + 156*s + 84050. What are the prime factors of s?
2, 41
Let m(o) = -71*o + 35. List the prime factors of m(-4).
11, 29
Suppose -2*z + 12*y + 1479 = 9*y, 3*y = 5*z - 3684. What are the prime factors of z?
3, 5, 7
Suppose -2*k = -2*u + 38, -5*u + 2*k + 35 = -75. Let y = 51 + u. List the prime factors of y.
3, 5
Let h(b) be the third derivative of -b**6/120 + 2*b**5/15 + b**4/24 + b**3/3 + 9*b**2. List the prime factors of h(7).
2, 29
What are the prime factors of (-14409)/(0 + -3) - -6?
3, 7, 229
What are the prime factors of 2 + 0 + 8 + 307?
317
Let x = -12 - -251. What are the prime factors of x?
239
Let i(h) = -h**3 + 7*h**2 + 11*h - 11. Let u = 5 - 5. Suppose -4*j + u + 32 = 0. List the prime factors of i(j).
13
Suppose -3621 - 6357 = -6*d. List the prime factors of d.
1663
Suppose 0 = -5*f - 25, 3429 = 9*i - 5*i + 3*f. List the prime factors of i.
3, 7, 41
Let o(f) be the second derivative of -2*f**3/3 - 17*f**2/2 - 166*f. Let h be 30/(-3) - 1/1. What are the prime factors of o(h)?
3
Suppose 238 = -5*p - 12. Let q = 78 + p. What are the prime factors of q?
2, 7
Suppose 12*p = 26*p - 2912. List the prime factors of p.
2, 13
Suppose 59*f - 61*f = 4. List the prime factors of ((-472)/20)/(f/10).
2, 59
Suppose 20*p = 19*p + 27. What are the prime factors of ((-144)/p)/(1/(-12))?
2
Let s(u) = -u - 5. Let m be s(-4). Suppose 10*y - 2 = 8*y. List the prime factors of 34/y + m + -1.
2
Suppose -3*t - p = -332, 3*t - 164 = -2*p + 170. Suppose 0 = 2*i - m + 4*m - 59, -2*m = -4*i + t. What are the prime factors of i?
2, 7
Let c(h) = h**3 + 20*h**2 + 12*h - 16. What are the prime factors of c(-8)?
2, 41
Let p be 72/16*2/3. Suppose p*k + 5*y - 28 = 5, 2*k - 18 = -2*y. What are the prime factors of (-2)/k*-3 + 1?
2
Let g(q) = -q**3 + 2*q**2 + 8*q + 6. Let o be g(-5). What are the prime factors of (o - 2) + 0 + 3?
2, 71
Suppose -u - u + 150 = 0. Suppose -4*q - 5*k + 256 = 0, -q = -0*q + 4*k - u. Let w = -34 + q. List the prime factors of w.
5
Suppose -113 = -f - 5*t, 5*t = 5*f - 267 - 148. List the prime factors of f.
2, 11
Let a = 547 - 119. List the prime factors of a.
2, 107
Suppose -14*x + 3220 = -3178. What are the prime factors of x?
457
Suppose -13*w + 956 = 2*l - 8*w, -2*l = w - 948. List the prime factors of l.
11, 43
Let k be (0 - -1)/(9/126). Let i(o) = k - 14 - 12*o. What are the prime factors of i(-2)?
2, 3
Let u = 1086 - 764. List the prime factors of u.
2, 7, 23
Let t(r) = 6*r**2 - r - 7. Let p be t(-5). Let m = p - 37. What are the prime factors of m?
3, 37
Let j = 21 - -487. What are the prime factors of j?
2, 127
Let u = -75 - -161. Suppose 0 = -10*o + 604 + u. List the prime factors of o.
3, 23
Let j(l) = -7*l + 26. Let a be j(4). What are the prime factors of 15396/84 - a/(-7)?
3, 61
Let o(y) = -377*y - 856. List the prime factors of o(-8).
2, 3, 5
Suppose 3*o + 1537 = 7120. What are the prime factors of o?
1861
Let d = 4506 - 1831. List the prime factors of d.
5, 107
Suppose 2*t - 35 + 15 = 0. Let m = t + 39. Let o = -20 + m. What are the prime factors of o?
29
Let k(q) = 109*q + 16. Let y be k(11). Suppose 10*b + 5*b = y. List the prime factors of b.
3
Let z(g) = -24*g - 1. Let b(y) = 25*y + 1. Let p = 27 - 23. Let o(k) = p*z(k) + 5*b(k). What are the prime factors of o(2)?
59
List the prime factors of (5 - 6)*-1 - -637.
2, 11, 29
Suppose -5*y = -u - 175, 2*y = -2*y - 5*u + 140. Let n = y + -15. List the prime factors of n.
2, 5
Suppose 2*f - 5 = 4*i + 19, -4*f = 16. Let q be 6 + -7 + (i - 1). Let j = q - -19. What are the prime factors of j?
3
Suppose 32381 - 101501 = -40*h. What are the prime factors of h?
2, 3
Let q(w) = 3*w**2 + 9*w**2 - 28 - 29 + w**3 + 60 - 8*w. What are the prime factors of q(-11)?
2, 53
List the prime factors of 2/7 - (-21057)/84*4.
17, 59
List the prime factors of 5 + -22*(-2245)/10.
2, 3, 103
Let s(a) = -12*a + 21. Suppose 0 = -7*q - 0*q - 63. What are the prime factors of s(q)?
3, 43
Let h = 570 + -332. Suppose 2*w + w - 15 = 0. Suppose -w*v = -h - 2. List the prime factors of v.
2, 3
Let l(u) = -u**2 + 4*u - 4. Let y be l(4). Let b(k) = k**2 + 7*k + 6. Let r be b(y). List the prime factors of 12/(1 - 4)*r.
2, 3
Let f be (-1064)/(-105) + (-4)/30. Let v be f/55 + (-18)/(-22). List the prime factors of 10*(-4 + 7) - v.
29
Suppose 0 = -4*d - 3*m - 7, 3*d + 5 - 6 = -m. Suppose 0 = 4*c - d*c - 6. Suppose -c*s + 160 = 55. List the prime factors of s.
5, 7
Let h = 330 + -330. Let l = -90 + 150. Suppose -2*q + 5*x + 49 = h, x - 7 + l = 2*q. What are the prime factors of q?
3
Let g = -4701 + 6753. What are the prime factors of g?
2, 3, 19
Let x(p) = p**3 + 8*p**2 + 8*p + 1. Let y be x(-6). Let t = y - 12. Suppose -5*k + t + 32 = 0. List the prime factors of k.
3
Suppose 0 = -46*u + 54*u - 1920. Let b(r) = -r. Let a be b(-5). Suppose -a*o + u = o. List the prime factors of o.
2, 5
Let d = -18 + 8. Let s = d - -13. Let q = 9 + s. What are the prime factors of q?
2, 3
Suppose -3*i - 188 = 40. Let t = 22 - i. What are the prime factors of t?
2, 7
Let f be (-4 + 2 - 101) + 0/(-2). Let q = f - -159. What are the prime factors of q?
2, 7
List the prime factors of (1318 - 4)*(-4)/(-6).
2, 3, 73
Suppose -5818 = -10*o - 1278. Suppose -3*i + o = 5*f, -3*i + 46 + 132 = 2*f. What are the prime factors of f?
2, 23
Let p(s) = -s**3 - 11*s**2 - 11*s + 21. Let x be p(-10). Suppose 51 + x = 2*w. What are the prime factors of w?
41
Suppose -2*p - 60 = 74. Let f = -25 - p. Suppose 2*u = 80 + f. What are the prime factors of u?
61
Let q = -3789 + 5450. What are the prime factors of q?
11, 151
Suppose -3*m + 16 = m. Let b = -148 + 151. Suppose 0 = -c - b, 40 + 19 = m*f - c. List the prime factors of f.
2, 7
Suppose 6*h + 297 - 1047 = 0. Suppose -41 = -3*y - h. Let p = y + 63. List the prime factors of p.
5, 7
Let c(o) = -o**3 - o**2 + o. Let w(i) = -i**3 - 11*i**2 + 3*i - 28. Let a(d) = -2*c(d) + w(d). List the prime factors of a(10).
2, 41
Let k(f) = f**2 + 28*f + 31. What are the prime factors of k(-31)?
2, 31
Suppose 0 = -4*u - 3*u + 280. Let a = u + -23. What are the prime factors of a?
17
Let d(p) = -3*p**3 - 8*p**2 - 2*p - 1. Let l(i) = i**